 19
Suppose 2*p = 6*p + 76. Let j = 13 + p. List the prime factors of 9/j*272/(-12).
2, 17
Let u(y) = 198*y**2 + 14*y - 4. What are the prime factors of u(2)?
2, 3, 17
Let y(o) = 4*o**3 - 2*o**2 + 2*o. Let r be -2 - -6 - 1 - -4. Suppose 6*k - k = -4*t - r, -2*k = 2*t + 2. List the prime factors of y(t).
2, 7
Suppose 257 + 19 = 4*w. What are the prime factors of w?
3, 23
Let c(v) be the third derivative of v**7/1680 - v**6/720 + v**5/10 - v**2. Let y(f) be the third derivative of c(f). List the prime factors of y(1).
2
Suppose 12 = 3*o + 6. Let k(i) = 8*i**3 + 3*i**2 - i + 1. List the prime factors of k(o).
3, 5
Suppose -2*z + 3848 = -15*z. What are the prime factors of z/4*(5/(-2) + 2)?
37
Let r = -7 + -3. Let b = -25 - -10. Let y = r - b. What are the prime factors of y?
5
Let b = 133 - 165. What are the prime factors of (-651)/(-14)*b/(-12)?
2, 31
Suppose 20 = 8*v - 4. Let p = 72 - 39. Let z = p + v. What are the prime factors of z?
2, 3
Let s = 279 + -223. List the prime factors of s.
2, 7
Let x be 2/4*(-4 + 4). Let z be (-2664)/(-132) - 2/11. Suppose -z = -x*t - 4*t. What are the prime factors of t?
5
Suppose 0 = -3*v + v + 12. List the prime factors of (3/3*99)/(v/6).
3, 11
Let k(h) = -67*h**3 - 6*h**2 + 2*h + 8. What are the prime factors of k(-4)?
2, 131
Let t(a) = -3*a**3 - 33*a**2 - a - 26. What are the prime factors of t(-12)?
2, 11, 19
Let q be (-3 + 0 + 3)/(-1). Suppose 5*n = -20 - q, j = -n + 39. Let x = 75 - j. What are the prime factors of x?
2
List the prime factors of 96/24*422/4.
2, 211
Suppose 2*a = 4*r + 1576, -3*r = 5*a + 1260 - 52. Let c = 588 + r. List the prime factors of c.
2, 3
Let z(y) = y**2 + 3. Let t be z(3). Suppose t = 4*o - 0. What are the prime factors of o?
3
Let z = 16 - 17. Let i be (5*-2)/(2 + z). List the prime factors of (-1326)/(-33) - i/(-55).
2, 5
Let p(k) = 381*k - 78. What are the prime factors of p(3)?
3, 5, 71
Suppose 7*c = 9*c + 12. List the prime factors of (1 - -61) + c + 9.
5, 13
Let c be (3 + 4/(-3))*(-6)/(-2). Suppose 262 = 2*h + 4*r, -2*r = c*h - r - 646. What are the prime factors of h?
3, 43
Let i(u) = u**3 - u**2 - 5*u - 19. What are the prime factors of i(13)?
2, 3
Suppose -80*s = -82*s - 2, -3*s = q - 88. What are the prime factors of q?
7, 13
Suppose 0 = -5*s - 5*o - 5, -2*o + 0*o - 18 = -2*s. Let b = 319 + -292. Let z = s + b. What are the prime factors of z?
31
Let d = -9 + 13. Suppose 2*b - 5*p = 1 + 20, -3*b - d*p = 3. Suppose -2*u + 3*j = -0*u + 3, b*j - 39 = -4*u. What are the prime factors of u?
2, 3
Suppose -3*m + 8 = 5*v - 24, -28 = -2*v - 5*m. Let c(x) = -x**3 - 3*x**2 + 3*x + 1. Let p be c(-4). Suppose -v*y = -p*y + 39. List the prime factors of y.
3, 13
Let h be ((-3)/(-6) - 1)*-4. Suppose a + 5*x - 55 = 0, 3*a - 6*a + 235 = x. Suppose -18 + a = h*v. List the prime factors of v.
31
Suppose 2*m - 3*m = -5*h - 341, -1825 = -5*m - 5*h. List the prime factors of m.
19
Suppose 64 = 2*i - 7*l + 3*l, -4*i - 5*l + 193 = 0. Suppose 312 - i = 5*n. List the prime factors of n.
2, 3
Let s(h) be the third derivative of h**4/24 + h**3 + 9*h**2. Let b be s(2). Suppose -j + 63 = b. List the prime factors of j.
5, 11
Suppose -2*p + 3*f + 17 = 0, 3*p - f - 49 = -p. Let m(k) = 10*k**3 + 2*k**2 - 3*k + 1. Let t be m(1). Let w = p + t. What are the prime factors of w?
23
Suppose 0 = 4*u - 4*g, u + 2*g - 23 = -8. Suppose 3*q + 38 = 4*q - u*r, -3*r + 89 = 2*q. What are the prime factors of q?
43
What are the prime factors of (-13216)/80*10/(-1)?
2, 7, 59
List the prime factors of ((-4413)/(-6))/((-10)/(-20)).
1471
Let o(s) = 3*s**3 + 3*s**2 + 14*s - 26. What are the prime factors of o(5)?
2, 13, 19
Let g(i) = -23*i - 101. List the prime factors of g(-33).
2, 7, 47
Let z = -5 + 5. Let c(t) = -1 + z*t - 2*t + 0. What are the prime factors of c(-3)?
5
Let i(u) = u**3 - 4*u**2 - 4*u + 3. Let s be i(4). Let r = s + 3. Let k = r + 67. What are the prime factors of k?
3, 19
Suppose 3*o = 3*k + k + 175, 55 = o - 2*k. Let j = 130 - o. What are the prime factors of j?
5, 13
Suppose 2908 = 4*r + 232. List the prime factors of r.
3, 223
Let d be (-4 + (-6)/10)*-5. Let r = 93 + d. List the prime factors of r.
2, 29
Suppose 3*a + 4 = 9*i - 4*i, 18 = 4*i + 5*a. Let v(p) = 4*p - 1 - 7*p**i + p**3 + 3*p**2 + 14*p**2. What are the prime factors of v(-9)?
2, 11
List the prime factors of (-6447)/(-15) - (76/20 - 4).
2, 5, 43
Let q be (-1 - 3/(-4)) + (-18)/(-8). Suppose 0 = -b - 1 - 2, -5*z = -q*b - 271. What are the prime factors of z?
53
What are the prime factors of (1 - 5) + (2 - -848)?
2, 3, 47
Let t(r) = r - 1. Let n be t(4). Suppose -7*f - 2*w + 192 = -n*f, 2*w = -5*f + 241. What are the prime factors of f?
7
Let z = -759 + 1077. Suppose -4*y = -10*y + z. What are the prime factors of y?
53
Let d(n) = 2*n**2 - 14*n + 7. Let i = -43 + 34. Let b be (2 + 0)/((-2)/i). List the prime factors of d(b).
43
List the prime factors of 2/9 + (-2 - (-40930)/90).
3, 151
Let r be (3/(-6))/((-3)/72). List the prime factors of 414/r*(-24)/(-9).
2, 23
Suppose 4*m + m - 5 = 0. Let a be (8 - 3)/(m - 0). Suppose 54 = k + a. What are the prime factors of k?
7
Let w(r) = 34*r + 126. What are the prime factors of w(25)?
2, 61
Let x(t) = 31*t**2 + 1. Let d be x(1). Let i = -5 - -8. Suppose i*n - d = -n. List the prime factors of n.
2
Let p be (33/22 + -2)/((-1)/96). Suppose g - 3 = -1. What are the prime factors of p/84*7/g?
2
Let p(k) = k**2 - 10*k + 11. Let d = -4 + 13. Let b be p(d). Suppose -3*f = -4*y - 125, -5*y - 40 + b = -f. What are the prime factors of f?
43
Let m(h) be the second derivative of -7*h**6/720 - h**5/20 + h**4/12 + h. Let c(u) be the third derivative of m(u). List the prime factors of c(-5).
29
What are the prime factors of 6*7/21*(-1395)/(-2)?
3, 5, 31
Let m(q) = -2*q**3 - 10*q**2 - 17*q - 4. List the prime factors of m(-4).
2
Let u = 109 - 44. Suppose c + 0*c - u = 0. Suppose 3*k + 2*k - c = 0. What are the prime factors of k?
13
Suppose 10 = -4*c + 2*g, -4*c + 3*g - 9 = -2. What are the prime factors of ((-78)/c)/((-2)/(-4))?
3, 13
Let c = -674 - -889. List the prime factors of c.
5, 43
Let h be (3 + 1*-1)/1. Let b(p) be the second derivative of 10*p**3/3 - 2*p**2 - 493*p. List the prime factors of b(h).
2, 3
Suppose 3*g + 5*p - 14 = 1, 5*g - 6 = -2*p. Suppose 4*x + 159 + 45 = g. Let u = 76 + x. What are the prime factors of u?
5
Let m be (-5 - -2)*(-681)/(-9). Let s = -35 - m. List the prime factors of s.
2, 3
Let x be (-16)/5*(-1150)/(-20). Let w = x + 339. List the prime factors of w.
5, 31
What are the prime factors of ((-52)/(-5))/((-26)/(-6955))?
2, 13, 107
Suppose -17*l + 14*l + 7914 = -3*d, 5*l - 3*d - 13196 = 0. What are the prime factors of l?
19, 139
Suppose -j = -3*l - 6*j - 1, -5*l + 3*j + 21 = 0. Suppose l*q - 211 = -4. What are the prime factors of q?
3, 23
Let a = 34 - 25. Suppose 0*y = 3*y - a. List the prime factors of (-1)/y - (-671)/33.
2, 5
Let k(n) be the third derivative of n**5/60 - n**4/6 + 5*n**3/3 + 11*n**2. What are the prime factors of k(11)?
3, 29
Let n = 178 + 125. List the prime factors of n.
3, 101
Suppose 289*x = 284*x + 1660. What are the prime factors of x?
2, 83
Suppose -160*v + 149*v + 4103 = 0. What are the prime factors of v?
373
Let u(t) = 0 + 5*t - 5*t + 5 + 5*t. Let p(r) = r - 1. Let c(z) = 6*p(z) + u(z). What are the prime factors of c(2)?
3, 7
Let d be (18/12)/(3/6). What are the prime factors of (-18)/(-4)*2/d?
3
Let g = -44 - -128. Suppose g = 4*j - 8. What are the prime factors of j?
23
Suppose 890 = 9*n - 1495. Suppose u - 4*r = -r + 149, -2*u + n = 5*r. What are the prime factors of u?
2, 5, 7
Let p = -16 + 10. Let o = p - -10. Suppose w + o*y = 6*w - 345, 4*w + y - 255 = 0. What are the prime factors of w?
5, 13
Let k = -49 + 112. Let c = 138 - k. What are the prime factors of c?
3, 5
Suppose -16 = u + 15. Let b = u - -90. List the prime factors of b.
59
Suppose 1725 = 8*f - 13*f. Let h = f - -510. Let b = -107 + h. What are the prime factors of b?
2, 29
Let s(w) = -5*w**2 + 12*w + 834. List the prime factors of s(0).
2, 3, 139
Let l(f) = 6*f**2 - 4*f - 36. List the prime factors of l(11).
2, 17, 19
Suppose -8*l = -6*l. Suppose 2*d + 319 - 909 = l. Suppose 2*n + 236 = 6*n - 3*c, 5*n = c + d. List the prime factors of n.
59
Let a be (4/(-5))/((-1)/(-15))